uate 6 - 7 - (0 + 0 + 1).
-2
What is the value of (2 - -13) + (-2 - 6)?
7
What is the value of -4 + (3 - -4) - 0?
3
What is the value of -3 + 2 - 2 - -2 - 3?
-4
8 + (-7 + 4 - -1)
6
What is (-2 - -5) + -2 + 4?
5
Calculate -11 - (7 - 15) - (-1 - 0).
-2
What is -9 + (9 - (11 - 9))?
-2
Evaluate -3 + (-3 + 5 - -2).
1
5 - (10 + -2 - 8)
5
Evaluate 10 + (8 - (12 + -3)).
9
-13 - 1 - (3 - (-3 - -13))
-7
21 + (5 - 15) + -1
10
Calculate 0 + 2 - (10 + -10 - 0).
2
3 + -1 - (14 - 14)
2
Evaluate (8 - 0 - 2) + -13.
-7
Calculate 5 + -6 + -2 + -2.
-5
Calculate 4 + (-1 - 10) + 4 + 4.
1
What is 5 - 5 - (3 + -4 + 1)?
0
(-3 - 1) + (7 + -12 - -8)
-1
What is the value of 3 + -5 + -3 + 19 + -5?
9
What is the value of (-7 - (-10 + 0)) + -8 + -2?
-7
Calculate (6 - -5) + -4 + -3.
4
3 - (5 - (1 - 1))
-2
What is the value of 0 + (0 - -2) + (-1 - -3)?
4
Calculate -2 + 0 + 0 + -3 + 0.
-5
What is -7 + -1 + (11 - 6)?
-3
Evaluate 1 + (1 + 4 - 4 - 6).
-4
Evaluate 0 + -4 + (6 + -3 - 4).
-5
Evaluate -2 + (-3 - -7) - 3.
-1
What is -8 - -2 - (-5 + -1)?
0
Evaluate (1 - 7) + (16 + 5 - 15).
0
Calculate 2 + 1 - (-6 + 8 + -1).
2
Evaluate 0 + 3 + 0 + -4 - -3.
2
48 + -47 + -2 + (2 - 1)
0
Calculate -2 + -1 - (0 + (14 - 13)).
-4
What is -2 + (-5 - (3 - 5))?
-5
What is the value of -4 - -3 - -10 - 13?
-4
Evaluate -1 - 0 - (43 + -40).
-4
What is the value of (0 - (5 + -6)) + -3 + 2?
0
What is 7 - (11 + 2) - -1?
-5
Calculate 2 + (-6 + (7 - 3) - -4).
4
What is 1 + -1 + (7 + -6 - 7)?
-6
What is the value of (-21 + 12 - 5) + 13?
-1
Calculate (-4 - -2) + (-1 + 4 - 4).
-3
What is the value of 3 - (3 + 5 + -4)?
-1
Calculate -6 - ((-4 - -3) + -5) - 2.
-2
Evaluate -2 + (8 + 0 - 1).
5
Evaluate -5 - -5 - (6 + -1).
-5
-4 + 0 + -1 + -3 + 5
-3
Evaluate 2 + (-13 - (-9 - 0)).
-2
Calculate (0 - -8) + -1 + -3.
4
Evaluate 1 - (-10 + 10) - -4.
5
What is the value of 2 + -2 + 3 - 0?
3
Calculate (-6 - -11) + 2 + (-5 - 0).
2
What is the value of -14 + 10 - (0 + -1 + 3)?
-6
7 + (-20 - -4) + 0
-9
(1 - -4) + -24 + 19 - -4
4
What is the value of 3 + 2 + -2 + 0?
3
What is the value of 0 - (4 - 6 - -2) - -1?
1
Evaluate 39 + -43 - (1 + -7 + -1).
3
Calculate 7 + 4 + (1 - 3) + 0.
9
-5 + 7 + (-14 - -10)
-2
Calculate 8 + -3 + -2 + -1.
2
Calculate (0 - 1) + 5 - (15 + -15).
4
What is the value of (-3 - -2) + 2 + -6 + 1?
-4
What is the value of (0 - 4) + (14 - 7)?
3
Calculate (10 - 6) + -6 + 7.
5
What is 1 - -1 - (17 + (8 - 24))?
1
Evaluate (4 - 3 - -3) + -4.
0
-10 + (5 + 1 - -2)
-2
What is the value of 2 - 1 - 1 - (143 - 147)?
4
What is the value of 6 + (1 - 4) + (4 - 2)?
5
What is 2 - (8 - (5 - 1))?
-2
What is the value of (-3 - -1) + 6 + -1 + -6?
-3
What is (-7 - -4 - -12 - 2) + -2?
5
Evaluate 1 + -5 - (3 - 1).
-6
What is (5 - 2) + -8 + 0 + 9?
4
Evaluate 8 + -10 - (-5 - 6).
9
Evaluate (-11 - (-10 + 4)) + 10.
5
Evaluate (3 + 1 - (6 - 5)) + -4.
-1
(-5 + 0 - 0) + 5
0
Calculate (-1 - 2) + (-3 - (-13 - -3)).
4
What is (12 + 11 - 12) + -4?
7
Evaluate (-2 - 1) + 6 + -2.
1
What is the value of 1 - (-2 - -4) - -6?
5
What is the value of -1 + (-2 - (-12 + 7)) + 4?
6
Calculate -7 - (-17 - (-5 + 0)).
5
Calculate -1 + (-11 - -5) - (11 + -13).
-5
Calculate 1 + -6 - (24 + (-47 - -20)).
-2
Calculate (0 - -6) + -8 - 3 - -2.
-3
What is (20 - 15) + (-5 - -4)?
4
What is the value of -10 + (-2 + -1 - -8)?
-5
What is (2 - (3 + -5)) + -1?
3
Calculate 4 - (-3 + 6 - 3).
4
What is the value of 7 + (-16 - 2) - -16?
5
What is the value of (6 - (12 - 5)) + -2?
-3
Calculate -2 - (4 + -2) - -1.
-3
What is the value of 2 + -1 - (0 + 6 + -10)?
5
Calculate -5 + -5 + (8 - (-3 + 4)).
-3
What is the value of 5 - (14 + -6) - (-3 - -1)?
-1
Evaluate (-1 - -6) + (-1 + -11 - -1).
-6
57 + -54 - (3 + 0 - 0)
0
Evaluate -1 - (3 - (12 - 3)).
5
What is the value of -17 + (14 - (-1 - -3))?
-5
What is -15 + 21 + -14 + -1 + 5?
-4
Calculate 119 - 116 - (0 + 1 + 0).
2
Calculate (5 - (-14 + 7)) + -5 + -3.
4
Evaluate -3 + (1 + 4 - (-18 - -19)).
1
Calculate -14 - -15 - (-1 - (-14 + 3)).
-9
What is the value of -8 + (3 - -6) - 7?
-6
(2 - (-1 - -1)) + 2
4
4 - (16 + -22 - (-3 - 2))
5
What is -1 + 2 - (-9 + (21 - 7))?
-4
Calculate -17 + 12 - (-3 + 0).
-2
Calculate -1 + 2 + (4 - (7 - 5)).
3
Evaluate -4 - (1 - ((0 - 1) + 4)).
-2
What is the value of -5 + -4 + 9 + (3 - 4)?
-1
What is the value of 2 - 7 - 2 - -6?
-1
What is -4 - (2 + -8 + 11)?
-9
-10 + 5 + (5 - -13) + -5
8
Calculate 4 + 0 - (-3 + 8 + -3).
2
Evaluate -6 + 1 - (10 + -5 - 5).
-5
18 + -21 + -2 + 6
1
4 + 1 + -12 + 12
5
-3 + 7 - 3 - -4
5
Calculate 35 - 47 - (-1 + -4).
-7
Calculate (-5 - -13 - (6 - 0)) + 5.
7
Calculate 4 - -4 - (4 - -5).
-1
(-3 - (-7 - -3)) + -5
-4
Evaluate (-5 - -5) + (0 - -5).
5
Evaluate 4 + (2 - 5) + (-3 - -5).
3
Calculate -10 - -5 - (-3 + 1 + 1).
-4
Calculate (4 - (-2 - -7)) + 6.
5
What is the value of -2 - (-3 - 0 - 1)?
2
What is the value of (-5 - (12 + -21)) + -3?
1
Evaluate (13 - 6) + (-8 - (-1 + 4)).
-4
What is the value of (10 - 19) + -5 + 23?
9
Calculate -8 - 1 - (-1 - 3).
-5
Evaluate -5 - (-7 - -4) - -4.
2
Calculate 3 - (2 + -6 + 2).
5
Calculate 4 + (1 - 4) + -1 + 2.
2
What is 24 + -24 - (4 + 2 + -5)?
-1
What is the value of 1 + (-3 - 1) + (-27 - -31)?
1
Calculate -5 - -3 - 1 - 2.
-5
Calculate -4 - 3 - (0 + -4).
-3
Calculate 3 - (4 + -2 - 0).
1
Calculate -6 - ((-6 - 5) + 7).
-2
What is the value of 0 - (2 - 1) - -1?
0
What is -4 - (3 + (-6 - -2))?
-3
What is the value of (3 - (-1 - 1)) + (4 - 6)?
3
(5 - 12) + 6 + (4 - 11)
-8
-3 - (-2 + -1 - 0)
0
What is the value of -5 - ((2 - 11) + -3)?
7
What is the value of -2 - (-4 - 3 - -13)?
-8
Calculate 7 - ((0 - (-12 + 4)) + -2).
1
What is the value of 2 + (2 - 0 - (-2 - 1))?
7
What is -7 + (-6 - -7) + 6?
0
(0 - 8) + -4 + 12
0
Evaluate -7 + 7 + 6 + -5.
1
What is (8 - 14) + 9 - 0?
3
Evaluate -4 - -4 - ((0 - 3) + -4).
7
What is the value of -1 - -5 - 11 - -4?
-3
Calculate -1 + -1 + -2 + 0.
-4
What is the value of 5 - (3 - (4 - 4)) - 4?
-2
Evaluate (-4 + 11 - -6) + -3.
10
Evaluate -12 - -12 - (6 + -2).
-4
-5 - 3 - (-14 + 4)
2
3 + (-2 + -2 - 0) - 2
-3
What is the value of (16 - 16) + (-5 - (-16 - -5))?
6
What is the value of (4 - (1 - -3)) + -5?
-5
-1 - -2 - (-6 - -7)
0
-3 + -2 - (6 + -7 - 4)
0
Calculate -2 - (7 + -4 + -9).
4
Calculate -1 + 1 + 3 + -1 - 0.
2
Calculate (-3 - -1) + (3 - (-3 - -4)).
0
Calculate 5 - ((1 - 2) + (1 - -9)).
-4
(84 - 83) + (2 - 1)
2
-4 - -2 - -9 - 2
5
What is -8 - (-3 - 3 - -2)?
-4
What is the value of (4 - 2) + (-2 + -2 - 1)?
-3
Calculate -9 + (-5 - 3) + 15.
-2
Evaluate (8 - -2) + -5 + 3 + -5.
3
What is the value of 7 - 12 - -2 - 2?
-5
Evaluate (-1 + 10 - 5) + -4 + -5.
-5
Evaluate (0 - 1) + -4 - -1.
-4
Evaluate -6 + -4 + (7 - 2) - -9.
4
(2 - -1) + (0 + -4 - -6)
5
Evaluate -171 + 164 + (1 - -5).
-1
What is -10 + (-9 - -13) + 12?
6
Calculate -11 + (11 - 14) + 12.
-2
Calculate 6 + -3 - (0 + -3 + 5).
1
4 - (4 + 1 + -4 + 2)
1
Evaluate (-1 - (3 + 0)) + (44 - 43).
-3
Calculate (-3 - (1 + 6 + -12)) + 5.
7
Calculate 7 - (2 + 6 + 2).
-3
What is 10 + -14 - (-5 - (-1 + 2))?
2
Evaluate 16 + -5 + (-1 - (-6 + 8)).
8
What is the value of (3 + -5 - -4) + -2 + 0?
0
Evaluate -1 + 4 + (-3 - 3) + -2.
-5
What is 6 + 0 + -14 - -16?
8
What is the value of (5 - (-2 - -7)) + 5 + 0?
5
(-11 - (5 + -1 + -6)) + 0
-9
What is -10 - (-3 - (-4 - -4))?
-7
-7 + (19 - 13) + -4 + 0
-5
What is the value of -17 - (7 - (-14 + 29))?
-9
Evaluate -3 + 2 + (1 - -1).
1
Evaluate -2 - (3 + (-2 - 2)).
-1
-4 + (10 - (1 + 3))
2
Calculate (2 - 0 - 0) + -3 - -5.
4
What is the value of 1 + 5 + (-20 + 15 - -2)?
3
Evaluate 2 - 1 - 1 - 1.
-1
2 + -3 + -7 + -66 + 82
8
Calculate -1 - (-4 - (-3 + 0)).
0
Evaluate 4 - (19 + -10 + 1).
-6
(0 + 0 - (-2 + 2)) + 0
0
What is the value of 2 - 3 - (-2 + 1) - 3?
-3
Calculate (-11 + 1 - -9) + (0 - 6).
-7
What is the value of -5 + (3 - -1) - (1 + -5)?
3
Evaluate 11 - 8 - (-7 - -7).
3
What is 7 + -5 - 9 - -3?
-4
6 + (0 + 3 - 3) + -4
2
Evaluate 0 + (-4 - -3) - -4 - 5.
-2
(-4 - 1) + 2 + 3
0
Calculate (3 - (-8 - -3)) + -6.
2
Calculate -3 + (5 - (4 + 2)) + 4.
0
Evaluate -5 - (1 + (4 - (8 + -3))).
-5
Calculate -4 + (6 + -7 - -16) + -5.
6
What is the value of -2 - (-14 + 6 + -1) - -1?
8
Calculate 3 + 0 - (3 - (0 - 5)).
-5
Calculate 2 - (7 + -3) - -2 - 2.
-2
What is -7 - (-1 - 1) - (76 - 82)?
1
6 - -1 - (-10 + 23)
-6
Calculate -1 + 0 - -11 - (-108 + 110).
8
What i